ommon factor of 2 and 52398.
2
Calculate the greatest common divisor of 636090 and 840.
210
Calculate the greatest common divisor of 80 and 70770.
10
What is the highest common factor of 24 and 3175776?
24
What is the highest common factor of 41 and 35014?
41
What is the highest common divisor of 79027 and 13?
13
What is the greatest common divisor of 1052 and 275098?
526
Calculate the highest common divisor of 28960 and 1991.
181
What is the greatest common factor of 984 and 107748?
492
What is the greatest common divisor of 288 and 48168?
72
Calculate the greatest common divisor of 516 and 192081.
129
What is the greatest common factor of 70 and 49784?
14
What is the highest common divisor of 197903 and 292?
73
Calculate the greatest common divisor of 253 and 524920.
11
What is the highest common factor of 2112 and 146751?
33
What is the highest common divisor of 40 and 575500?
20
What is the greatest common divisor of 42 and 3122?
14
What is the highest common divisor of 933 and 203083?
311
What is the highest common factor of 378 and 28854?
126
Calculate the greatest common divisor of 81487 and 245.
49
What is the greatest common divisor of 63707 and 3211?
19
Calculate the highest common divisor of 4992 and 6032.
208
Calculate the greatest common factor of 1312 and 2009.
41
Calculate the greatest common factor of 573133 and 121.
11
Calculate the greatest common factor of 5369883 and 129.
129
Calculate the highest common factor of 13043 and 1.
1
What is the highest common factor of 125 and 58445?
5
What is the greatest common divisor of 45 and 10310?
5
Calculate the highest common factor of 96 and 11598.
6
Calculate the greatest common divisor of 3896 and 2752.
8
What is the highest common factor of 250904 and 88?
8
What is the greatest common factor of 914 and 246323?
457
What is the highest common divisor of 5356 and 26?
26
What is the highest common factor of 561397 and 1349?
71
What is the highest common factor of 117484 and 1288?
92
What is the highest common divisor of 7888 and 238?
34
What is the highest common divisor of 414310 and 5?
5
Calculate the highest common divisor of 144 and 606384.
144
What is the highest common factor of 1888575 and 6825?
975
What is the greatest common divisor of 3071 and 20003?
83
Calculate the highest common factor of 1502534 and 4190.
838
What is the greatest common divisor of 184125 and 1000?
125
What is the highest common factor of 650 and 23600?
50
Calculate the greatest common factor of 6710 and 1586.
122
Calculate the greatest common factor of 3559547 and 29.
29
Calculate the greatest common divisor of 13905 and 2493.
9
What is the greatest common divisor of 273692 and 848?
212
Calculate the greatest common factor of 1012 and 1232.
44
Calculate the highest common divisor of 143104 and 7488.
832
What is the greatest common factor of 18 and 19827?
9
What is the highest common divisor of 360 and 63780?
60
Calculate the greatest common factor of 37730 and 357280.
770
What is the highest common factor of 1058446 and 334?
334
Calculate the highest common divisor of 243 and 19188.
9
What is the greatest common divisor of 53930 and 50?
10
Calculate the greatest common factor of 14 and 2051546.
14
Calculate the greatest common divisor of 232 and 148364.
116
Calculate the greatest common divisor of 18315 and 55.
55
Calculate the greatest common factor of 5387229 and 81.
81
What is the greatest common divisor of 1324798 and 244?
122
Calculate the greatest common factor of 565 and 35.
5
Calculate the greatest common factor of 420 and 465.
15
Calculate the highest common divisor of 23408 and 236544.
1232
Calculate the highest common divisor of 158320 and 240.
80
Calculate the highest common divisor of 177009 and 42.
21
What is the greatest common factor of 83230 and 42?
14
Calculate the highest common divisor of 250064 and 16.
16
What is the greatest common factor of 62076 and 84?
84
Calculate the highest common divisor of 63 and 8617.
7
Calculate the highest common factor of 1806066 and 72.
18
Calculate the highest common divisor of 18963 and 7056.
441
Calculate the highest common factor of 27 and 77016.
3
What is the greatest common divisor of 3375 and 112725?
675
What is the highest common factor of 1155 and 24270?
15
What is the greatest common factor of 23171 and 145?
29
Calculate the greatest common divisor of 12116 and 21902.
466
What is the greatest common divisor of 191 and 849377?
191
Calculate the highest common divisor of 7088 and 288.
16
Calculate the greatest common divisor of 5036304 and 468.
156
Calculate the highest common factor of 1959230 and 16380.
910
What is the greatest common factor of 33434 and 584?
146
Calculate the greatest common factor of 2785 and 800.
5
Calculate the highest common divisor of 160 and 8395.
5
Calculate the greatest common divisor of 24 and 152144.
8
What is the highest common divisor of 94366 and 232?
58
What is the highest common factor of 10743 and 129?
3
Calculate the greatest common factor of 816493 and 17.
17
Calculate the highest common divisor of 1935 and 128398.
43
What is the greatest common divisor of 1247666 and 98?
14
What is the highest common divisor of 440 and 919875?
55
Calculate the greatest common factor of 18784 and 400.
16
Calculate the highest common divisor of 1299413 and 5411.
773
What is the greatest common factor of 108 and 32892?
12
Calculate the greatest common factor of 36 and 939186.
18
What is the greatest common divisor of 46028 and 37?
37
Calculate the greatest common factor of 108594 and 486.
54
Calculate the highest common divisor of 76 and 1452.
4
Calculate the highest common factor of 2449 and 38789.
79
What is the greatest common divisor of 69276 and 92?
92
What is the greatest common factor of 972 and 3468?
12
What is the highest common factor of 3006115 and 70?
35
Calculate the greatest common divisor of 336 and 4656.
48
Calculate the greatest common divisor of 104637 and 13.
13
Calculate the greatest common divisor of 34 and 53398.
2
What is the greatest common factor of 5126720 and 320?
320
What is the highest common factor of 625 and 1687500?
625
What is the greatest common divisor of 4672 and 4964?
292
What is the greatest common factor of 2545 and 461663?
509
Calculate the greatest common factor of 2374798 and 204.
34
What is the highest common factor of 1359 and 288?
9
Calculate the highest common factor of 29536 and 760.
8
Calculate the highest common divisor of 106025 and 25.
25
What is the greatest common divisor of 60227 and 4471?
263
Calculate the greatest common factor of 41499 and 145.
29
What is the highest common factor of 8649 and 23157?
279
What is the highest common divisor of 207 and 21183?
69
What is the greatest common factor of 69 and 68287?
23
What is the highest common divisor of 105807 and 9?
3
Calculate the greatest common factor of 308867 and 897.
299
Calculate the highest common divisor of 16 and 378608.
16
What is the greatest common divisor of 76 and 3838?
38
Calculate the highest common factor of 28 and 4372.
4
Calculate the highest common divisor of 5565 and 1810480.
1855
Calculate the greatest common divisor of 549 and 63.
9
What is the highest common divisor of 84 and 9772?
28
What is the highest common divisor of 293771 and 3351?
1117
Calculate the highest common divisor of 1520 and 634828.
76
What is the greatest common factor of 4915 and 120?
5
Calculate the highest common divisor of 804 and 849627.
201
Calculate the highest common divisor of 22351 and 124.
31
Calculate the greatest common divisor of 405 and 113805.
405
Calculate the highest common divisor of 131119 and 1045.
19
What is the greatest common divisor of 1713 and 105?
3
What is the greatest common factor of 1208 and 10920?
8
Calculate the greatest common divisor of 87 and 1126708.
29
What is the highest common factor of 1159450 and 20?
10
Calculate the greatest common divisor of 10968 and 170918.
914
Calculate the greatest common factor of 1856 and 49648.
464
Calculate the highest common factor of 336 and 55560.
24
What is the highest common factor of 371 and 23317?
7
Calculate the greatest common factor of 41 and 1129181.
41
What is the greatest common factor of 22532 and 1834?
262
Calculate the highest common factor of 